{"id":79,"date":"2019-10-03T06:31:16","date_gmt":"2019-10-03T06:31:16","guid":{"rendered":"https:\/\/www.nuohousaika.fi\/?page_id=79"},"modified":"2020-02-17T13:42:27","modified_gmt":"2020-02-17T13:42:27","slug":"kokemuksia","status":"publish","type":"page","link":"https:\/\/www.nuohousaika.fi\/Varaus_vuoden_paahan\/nuohousaika\/kokemuksia\/","title":{"rendered":"Kokemuksia"},"content":{"rendered":"\n\n  <div class=\"banner has-hover is-full-height\" id=\"banner-1025352706\">\n          <div class=\"banner-inner fill\">\n        <div class=\"banner-bg fill\" >\n            <div class=\"bg fill bg-fill \"><\/div>\n                        <div class=\"overlay\"><\/div>            \n                    <\/div><!-- bg-layers -->\n        <div class=\"banner-layers container\">\n            <div class=\"fill banner-link\"><\/div>            \n\n   <div id=\"text-box-666846588\" class=\"text-box banner-layer x50 md-x50 lg-x50 y50 md-y50 lg-y50 res-text\">\n                                <div class=\"text dark\">\n              \n              <div class=\"text-inner text-center\">\n                  \n\n<h1 class=\"\">Kokemuksia <br \/>Nuohousaika.fi-palvelusta<\/h1>\n<p><span style=\"font-size: 140%;\">Mit\u00e4 k\u00e4ytt\u00e4j\u00e4t sanovat Suomen kattavimmasta nuohoojan digitaalisesta ty\u00f6kalusta? <\/span><\/p>\n<div class=\"gap-element clearfix\" style=\"display:block; height:auto; padding-top:30px\"><\/div>\n\n<div class=\"row row-full-width align-equal align-center\"  id=\"row-600896335\">\n\n<div class=\"col medium-6 small-12 large-6\"  ><div class=\"col-inner\" style=\"background-color:rgba(11, 175, 77, 0.8);padding:20px 20px 20px 20px;margin:0px 0px 0px 0px;\" >\n\n  <div class=\"icon-box testimonial-box icon-box-center text-center\">\n                <div class=\"icon-box-img testimonial-image circle\" style=\"width: 119px\">\n                      <\/div>\n                <div class=\"icon-box-text p-last-0\">\n            \t\t\t\t<div class=\"testimonial-text line-height-small italic test_text first-reset last-reset is-italic\">\n            \n\n<h3>91,3 % <\/h3>\n<p>nuohooja-asiakkaistamme kertoo, ett\u00e4 Nuohousaika.fi vastaa v\u00e4hint\u00e4\u00e4n hyvin k\u00e4ytt\u00e4j\u00e4n tarpeita<\/p>\n\n          <\/div>\n          <div class=\"testimonial-meta pt-half\">\n             <strong class=\"testimonial-name test_name\"><\/strong>\n                          <span class=\"testimonial-company test_company\"><\/span>\n          <\/div>\n        <\/div>\n  <\/div><!-- .icon-box -->\n\n  \n\n<\/div><\/div>\n<div class=\"col medium-6 small-12 large-6\"  ><div class=\"col-inner text-center\" style=\"background-color:rgba(11, 175, 77, 0.8);padding:20px 20px 20px 20px;margin:0px 0px 0px 0px;\" >\n\n  <div class=\"icon-box testimonial-box icon-box-center text-center\">\n                <div class=\"icon-box-img testimonial-image circle\" style=\"width: 119px\">\n                      <\/div>\n                <div class=\"icon-box-text p-last-0\">\n            \t\t\t\t<div class=\"testimonial-text line-height-small italic test_text first-reset last-reset is-italic\">\n            \n\n<h3>87% <\/h3>\n<p>palvelua k\u00e4ytt\u00e4vist\u00e4 nuohoojista sanoo, ett\u00e4 Nuohousaika.fi tarjoaa vastinetta rahalle v\u00e4hint\u00e4\u00e4n hyvin<\/p>\n\n          <\/div>\n          <div class=\"testimonial-meta pt-half\">\n             <strong class=\"testimonial-name test_name\"><\/strong>\n                          <span class=\"testimonial-company test_company\"><\/span>\n          <\/div>\n        <\/div>\n  <\/div><!-- .icon-box -->\n\n  \n\n<\/div><\/div>\n\n\n<style scope=\"scope\">\n\n<\/style>\n<\/div>\n\n              <\/div>\n           <\/div><!-- text-box-inner -->\n                            \n<style scope=\"scope\">\n\n#text-box-666846588 {\n  width: 62%;\n}\n#text-box-666846588 .text {\n  font-size: 100%;\n}\n<\/style>\n    <\/div><!-- text-box -->\n \n\n        <\/div><!-- .banner-layers -->\n      <\/div><!-- .banner-inner -->\n\n            \n<style scope=\"scope\">\n\n#banner-1025352706 {\n  padding-top: 900px;\n}\n#banner-1025352706 .bg.bg-loaded {\n  background-image: url(https:\/\/www.nuohousaika.fi\/Varaus_vuoden_paahan\/nuohousaika\/wp-content\/uploads\/2020\/02\/nuohousaika-kokemuksia-1200x800.jpg);\n}\n#banner-1025352706 .overlay {\n  background-color: rgba(0,0,0,.5);\n}\n#banner-1025352706 .bg {\n  background-position: 9% 16%;\n}\n\n\n@media (min-width:550px) {\n\n  #banner-1025352706 {\n    padding-top: 100%;\n  }\n\n}\n<\/style>\n  <\/div><!-- .banner -->\n\n\n\t<section class=\"section has-mask mask-angled-large\" id=\"section_192654407\">\n\t\t<div class=\"bg section-bg fill bg-fill  bg-loaded\" >\n\n\t\t\t\n\t\t\t\n\t\t\t\n\n\t\t<\/div><!-- .section-bg -->\n\n\t\t<div class=\"section-content relative\">\n\t\t\t\n\n<div class=\"row align-center\"  id=\"row-702098010\">\n\n<div class=\"col medium-9 small-12 large-9\"  ><div class=\"col-inner\"  >\n\n<h2 style=\"text-align: left;\">Asiakastyytyv\u00e4isyyskyselymme kommentteja<\/h2>\n\n<\/div><\/div>\n\n\n<style scope=\"scope\">\n\n<\/style>\n<\/div>\n<div class=\"row align-equal align-center\"  id=\"row-310992907\">\n\n<div class=\"col medium-3 small-12 large-3\"  ><div class=\"col-inner\" style=\"padding:20px 20px 20px 20px;margin:0px 0px 0px 0px;\" >\n\n  <div class=\"icon-box testimonial-box icon-box-center text-center\">\n                <div class=\"icon-box-img testimonial-image circle\" style=\"width: 119px\">\n                      <\/div>\n                <div class=\"icon-box-text p-last-0\">\n          <div class=\"star-rating\"><span style=\"width:100%\"><strong class=\"rating\"><\/strong><\/span><\/div>  \t\t\t\t<div class=\"testimonial-text line-height-small italic test_text first-reset last-reset is-italic\">\n            \n\n<p>\u201c\u201cHelpottaa yritt\u00e4j\u00e4n el\u00e4m\u00e4\u00e4 huomattavasti\u201d<\/p>\n\n          <\/div>\n          <div class=\"testimonial-meta pt-half\">\n             <strong class=\"testimonial-name test_name\"><\/strong>\n                          <span class=\"testimonial-company test_company\"><\/span>\n          <\/div>\n        <\/div>\n  <\/div><!-- .icon-box -->\n\n  \n\n<\/div><\/div>\n<div class=\"col medium-3 small-12 large-3\"  ><div class=\"col-inner\" style=\"padding:20px 20px 20px 20px;margin:0px 0px 0px 0px;\" >\n\n  <div class=\"icon-box testimonial-box icon-box-center text-center\">\n                <div class=\"icon-box-img testimonial-image circle\" style=\"width: 119px\">\n                      <\/div>\n                <div class=\"icon-box-text p-last-0\">\n          <div class=\"star-rating\"><span style=\"width:100%\"><strong class=\"rating\"><\/strong><\/span><\/div>  \t\t\t\t<div class=\"testimonial-text line-height-small italic test_text first-reset last-reset is-italic\">\n            \n\n<p>\u201cT\u00e4rkein nykyaikaisen nuohoojan ty\u00f6kalu\u201d<\/p>\n\n          <\/div>\n          <div class=\"testimonial-meta pt-half\">\n             <strong class=\"testimonial-name test_name\"><\/strong>\n                          <span class=\"testimonial-company test_company\"><\/span>\n          <\/div>\n        <\/div>\n  <\/div><!-- .icon-box -->\n\n  \n\n<\/div><\/div>\n<div class=\"col medium-3 small-12 large-3\"  ><div class=\"col-inner text-center\" style=\"padding:20px 20px 20px 20px;margin:0px 0px 0px 0px;\" >\n\n  <div class=\"icon-box testimonial-box icon-box-center text-center\">\n                <div class=\"icon-box-img testimonial-image circle\" style=\"width: 119px\">\n                      <\/div>\n                <div class=\"icon-box-text p-last-0\">\n          <div class=\"star-rating\"><span style=\"width:100%\"><strong class=\"rating\"><\/strong><\/span><\/div>  \t\t\t\t<div class=\"testimonial-text line-height-small italic test_text first-reset last-reset is-italic\">\n            \n\n<p>\u201cYksinkertainen ja helppo oppia k\u00e4ytt\u00e4m\u00e4\u00e4n\u201d<\/p>\n\n          <\/div>\n          <div class=\"testimonial-meta pt-half\">\n             <strong class=\"testimonial-name test_name\"><\/strong>\n                          <span class=\"testimonial-company test_company\"><\/span>\n          <\/div>\n        <\/div>\n  <\/div><!-- .icon-box -->\n\n  \n\n<\/div><\/div>\n<div class=\"col medium-3 small-12 large-3\"  ><div class=\"col-inner text-center\" style=\"padding:20px 20px 20px 20px;margin:0px 0px 0px 0px;\" >\n\n  <div class=\"icon-box testimonial-box icon-box-center text-center\">\n                <div class=\"icon-box-img testimonial-image circle\" style=\"width: 119px\">\n                      <\/div>\n                <div class=\"icon-box-text p-last-0\">\n          <div class=\"star-rating\"><span style=\"width:100%\"><strong class=\"rating\"><\/strong><\/span><\/div>  \t\t\t\t<div class=\"testimonial-text line-height-small italic test_text first-reset last-reset is-italic\">\n            \n\n<p>\u201cHyv\u00e4, helpottaa paljon ty\u00f6n tekemist\u00e4 ja laskutusta. Jos jostain palvelusta yrityksess\u00e4 pit\u00e4isi luopua niin se EI ainakaan olisi Nuohousaika-palvelu! Asiakasrekisterit tosi hyv\u00e4 n\u00e4kee edelliset ty\u00f6t ja ajankohdat \u2013 asiakaspalvelu hyv\u00e4 ja jos apua jolloinkin tarvitsee aina nopeasti olette auttaneet\u201d<\/p>\n\n          <\/div>\n          <div class=\"testimonial-meta pt-half\">\n             <strong class=\"testimonial-name test_name\"><\/strong>\n                          <span class=\"testimonial-company test_company\"><\/span>\n          <\/div>\n        <\/div>\n  <\/div><!-- .icon-box -->\n\n  \n\n<\/div><\/div>\n\n\n<style scope=\"scope\">\n\n<\/style>\n<\/div>\n\n\t\t<\/div><!-- .section-content -->\n\n\t\t\n<style scope=\"scope\">\n\n#section_192654407 {\n  padding-top: 105px;\n  padding-bottom: 105px;\n  background-color: rgb(240, 240, 240);\n}\n<\/style>\n\t<\/section>\n\t\n\t<section class=\"section has-mask mask-angled-large\" id=\"section_591771194\">\n\t\t<div class=\"bg section-bg fill bg-fill  bg-loaded\" >\n\n\t\t\t\n\t\t\t\n\t\t\t\n\n\t\t<\/div><!-- .section-bg -->\n\n\t\t<div class=\"section-content relative\">\n\t\t\t\n\n<div class=\"row\"  id=\"row-1156974023\">\n\n<div class=\"col medium-9 small-12 large-9\"  ><div class=\"col-inner\"  >\n\n<div id=\"1575453550.002900\" class=\"c-virtual_list__item\" tabindex=\"-1\" role=\"listitem\" aria-expanded=\"false\">\n<div class=\"c-message c-message--light c-message--adjacent\" role=\"document\" data-qa=\"message_container\" data-qa-hover=\"true\" data-qa-placeholder=\"false\">\n<div class=\"c-message__content c-message__content--feature_sonic_inputs\" data-qa=\"message_content\">\n<div class=\"c-message__message_blocks c-message__message_blocks--rich_text\">\n<div class=\"p-block_kit_renderer p-block_kit_renderer--absorb_margin\" data-qa=\"block-kit-renderer\">\n<div class=\"p-block_kit_renderer__block_wrapper p-block_kit_renderer__block_wrapper--first\">\n<div class=\"p-rich_text_block\" dir=\"auto\">\n<h2>Nuohousaika.fi vapauttaa aikaa tehokkaampaan ty\u00f6h\u00f6n ja parempaan asiakaspalveluun<\/h2>\n<p>Nuohoojalle asiakasty\u00f6n tehokas hallinta on koko liiketoiminnan ytimess\u00e4. Ennen Nuohousaika.fi -palvelua nuohoojan arvokasta ty\u00f6aikaa kului paljon hallinnolliseen ty\u00f6h\u00f6n. Meid\u00e4n ei en\u00e4\u00e4 tarvitse esimerkiksi seurata yksitellen sit\u00e4, onko asiakas maksanut laskunsa. Nuohousaika-palvelu hoitaa my\u00f6s mahdolliset maksumuistutukset puolestamme.<\/p>\n<p>S\u00e4hk\u00f6inen ajanvaraus ja kalenterin\u00e4kym\u00e4 auttaa sek\u00e4 asiakasta ett\u00e4 meid\u00e4n ty\u00f6t\u00e4mme. Nuohousaikojen varaukset p\u00e4ivittyv\u00e4t saman tien kaikkien tekij\u00f6idemme kalentereihin, ja voimme tarjota nopeasti aikoja asiakkaille halutuilla alueilla.<\/p>\n<p>\u00a0Nuohousaika.fi-palvelun suurimpia etuja on, ett\u00e4 sen avulla nuohooja voi lopettaa ajan hukkaamisen toimenpiteisiin, jotka voi tehd\u00e4 nopeammin s\u00e4hk\u00f6isesti. Ja t\u00e4m\u00e4 aika vapautuu kannattavampaan ty\u00f6h\u00f6n.<\/p>\n<h2 class=\"p-rich_text_section\"><span style=\"font-size: 20.16px;\">Nuohousaika.fi p\u00e4ivitt\u00e4\u00e4 nuohousyrityksen hallinnon paperilta t\u00e4h\u00e4n p\u00e4iv\u00e4\u00e4n<\/span><\/h2>\n<\/div>\n<\/div>\n<\/div>\n<\/div>\n<\/div>\n<\/div>\n<\/div>\n<p>Olemme k\u00e4ytt\u00e4neet Nuohousaika.fi -palvelua siit\u00e4 l\u00e4htien, kun perustimme Noetta-yrityksemme 2018. Olin jo t\u00e4t\u00e4 aiemmin tutustunut palveluun ja kuullut siit\u00e4 hyvi\u00e4 kokemuksia.<\/p>\n<p>Ennen Nuohousaika.fi-palvelua nuohoojan ty\u00f6n hallinta oli muistissa monessa eri paikassa tai nuohoojan p\u00e4\u00e4ss\u00e4. Esimerkiksi kuitit olivat paperilla, asiakkaiden maksuliikennett\u00e4 tuli muistaa itse seurata, ja nuohouskeikkoja hallittiin k\u00e4sikalenterista.<\/p>\n<p>\u00a0Nuohousaika.fi-palvelu on helpottanut ty\u00f6n hallintaa ennenn\u00e4kem\u00e4tt\u00f6m\u00e4n hyvin, sill\u00e4 nyt kaikki tieto menee talteen samaan paikkaan ja l\u00f6ytyy helposti. N\u00e4emme parilla klikkauksella esimerkiksi asiakkaan nuohoustilanteen, tulisijat ja kiinteist\u00f6tiedot. My\u00f6s kirjanpidon vaatimat tiedot, raportit ja s\u00e4hk\u00f6inen kalenteri ovat n\u00e4kyvill\u00e4 meille helposti.<\/p>\n<p>Nyky\u00e4\u00e4n on vaikea kuvitella, ett\u00e4 voisimme hallita usean nuohoojan yrityst\u00e4mme ilman t\u00e4t\u00e4 s\u00e4hk\u00f6ist\u00e4 toiminnanohjausta. Palvelu on helppok\u00e4ytt\u00f6inen, ja meill\u00e4 kaikki nuohoojat k\u00e4ytt\u00e4v\u00e4t sit\u00e4.<\/p>\n<p><em>\u201cNuohousaika.fi-palvelu on iso apu asiakaspalvelulle. Asiakkaalle on suuri etu, ett\u00e4 h\u00e4n voi varata meilt\u00e4 nuohousajan helposti netist\u00e4. Ja me voimme tarjota sopivia nuohousaikoja kohdennetuille alueille oikeaan aikaan.\u201d<\/em><\/p>\n<h3>Yhteisty\u00f6 on sujuvaa ja nuohoojan ajatuksia kuunnellaan<\/h3>\n<p>Voin rehellisesti sanoa, ett\u00e4 Nuohousaika.fi-palvelun tuoma ajans\u00e4\u00e4st\u00f6 ja ty\u00f6n tehostaminen ovat t\u00e4ysin vastinetta rahalle. Palvelu on ainoa ohjelma, joka tarjoaa nuohoojalle r\u00e4\u00e4t\u00e4l\u00f6idyn ty\u00f6n hallinnan ty\u00f6kalun.<\/p>\n<p>Yhteydenpito Nuohousaika-palvelun suuntaan on aina ollut helppoa ja he haluavat aidosti tehd\u00e4 palvelusta nuohoojaa ymm\u00e4rt\u00e4v\u00e4n. Kun olemme joitain kehitysideoita antaneet, he ovat ottaneet sen huomioon palvelunsa uusimman version kehitt\u00e4misess\u00e4.<\/p>\n<p><u>\u00a0<\/u><\/p>\n\n<\/div><\/div>\n\n<\/div>\n\n\t\t<\/div><!-- .section-content -->\n\n\t\t\n<style scope=\"scope\">\n\n#section_591771194 {\n  padding-top: 103px;\n  padding-bottom: 103px;\n  background-color: rgb(255,255,255);\n}\n<\/style>\n\t<\/section>\n\t\n\n","protected":false},"excerpt":{"rendered":"","protected":false},"author":1,"featured_media":0,"parent":0,"menu_order":0,"comment_status":"closed","ping_status":"closed","template":"page-blank.php","meta":{"footnotes":""},"class_list":["post-79","page","type-page","status-publish","hentry"],"_links":{"self":[{"href":"https:\/\/www.nuohousaika.fi\/Varaus_vuoden_paahan\/nuohousaika\/wp-json\/wp\/v2\/pages\/79","targetHints":{"allow":["GET"]}}],"collection":[{"href":"https:\/\/www.nuohousaika.fi\/Varaus_vuoden_paahan\/nuohousaika\/wp-json\/wp\/v2\/pages"}],"about":[{"href":"https:\/\/www.nuohousaika.fi\/Varaus_vuoden_paahan\/nuohousaika\/wp-json\/wp\/v2\/types\/page"}],"author":[{"embeddable":true,"href":"https:\/\/www.nuohousaika.fi\/Varaus_vuoden_paahan\/nuohousaika\/wp-json\/wp\/v2\/users\/1"}],"replies":[{"embeddable":true,"href":"https:\/\/www.nuohousaika.fi\/Varaus_vuoden_paahan\/nuohousaika\/wp-json\/wp\/v2\/comments?post=79"}],"version-history":[{"count":14,"href":"https:\/\/www.nuohousaika.fi\/Varaus_vuoden_paahan\/nuohousaika\/wp-json\/wp\/v2\/pages\/79\/revisions"}],"predecessor-version":[{"id":234,"href":"https:\/\/www.nuohousaika.fi\/Varaus_vuoden_paahan\/nuohousaika\/wp-json\/wp\/v2\/pages\/79\/revisions\/234"}],"wp:attachment":[{"href":"https:\/\/www.nuohousaika.fi\/Varaus_vuoden_paahan\/nuohousaika\/wp-json\/wp\/v2\/media?parent=79"}],"curies":[{"name":"wp","href":"https:\/\/api.w.org\/{rel}","templated":true}]}}